a multiple of 13?
True
Let a be (6/12)/((-1)/34). Let j = -10 - a. Does 7 divide j?
True
Let l(k) = 13*k - 70. Does 10 divide l(9)?
False
Let f be (-28)/(-8) + 1/2. Suppose f*d + 28 = 4*l, -3*l - l + 2*d = -28. Does 6 divide l?
False
Let b be (0 - -1)/(3/12). Suppose b*n - 317 + 13 = 0. Suppose 0*r - 4*r = -n. Is 7 a factor of r?
False
Suppose n + 4 = 2*n. Let h = -2 + n. Suppose -h*i = -i - 54. Is 18 a factor of i?
True
Let r(s) = s**2 + 6*s + 3. Let c be r(-6). Suppose c*a + 67 = 202. Is 12 a factor of a?
False
Let r(k) = k**3 + 10*k**2 + 9*k - 4. Is 8 a factor of r(-7)?
True
Let z be 28/5 + (-4)/(-10). Let v(u) = -u. Let h(c) = -2*c**2 + 15*c - 2. Let x(q) = -h(q) - 6*v(q). Does 9 divide x(z)?
False
Suppose 2*a + 4*n + 18 = 5*a, -5 = a - 5*n. Let b be ((-195)/25)/((-2)/a). Is 13 a factor of (-1)/(3/b*-1)?
True
Let j(g) = -12*g - 1. Let q be j(-1). Let w = 30 - q. Is w a multiple of 5?
False
Let p = 47 + -20. Is 9 a factor of p?
True
Is 20 a factor of 4 - (-16 - 2)/1?
False
Suppose 0*s + s + 3*a = 132, -380 = -3*s - 5*a. Does 40 divide s?
True
Let s = 55 - 27. Does 14 divide s?
True
Suppose 0 = 2*x + 2*x - 208. Is 17 a factor of x?
False
Suppose 0 = 4*w - 189 + 65. Is w a multiple of 31?
True
Let d(r) be the second derivative of -4*r**3/3 - 2*r**2 - r. Does 11 divide d(-6)?
True
Let q = 86 + -31. Let u = -3 - 10. Let v = u + q. Does 21 divide v?
True
Suppose -49*q = -43*q - 1332. Is 27 a factor of q?
False
Suppose 0 = p + 3 + 1, 70 = 5*l - 5*p. Is l even?
True
Let q(b) = -b**3 - 13*b**2 - 31*b + 16. Is q(-11) a multiple of 39?
False
Let p be 2/(16/10)*-4. Does 11 divide p/(-3)*(7 + 2)?
False
Suppose 2*x - 118 = -4*b, 0 = 2*b + 2*x + 2*x - 44. Is 8 a factor of b?
True
Suppose p - 30 = -3*u, 5*u + 18 = -3*p + 72. Suppose -5*r = -4*m + u*m - 30, -12 = -4*r. Suppose -m*z + 38 = -10. Does 12 divide z?
False
Suppose -4*s - 5*q + 512 = 0, 2*s - 256 = -4*q + 7*q. Is s a multiple of 32?
True
Suppose 5*m = -0*v - 5*v, m - 3*v = 8. Suppose -t - 76 = -m*u + 17, -2*t = 5*u - 219. Is 15 a factor of u?
True
Let h be (-2 + 1)/(1/(-2)). Suppose 0 = c + 4*r - 13 - 28, -38 = -h*c + 3*r. Is c a multiple of 10?
False
Suppose -b = -o + 4, 2*o + 5*b = o + 4. Suppose -o*q - 6 = -38. Is q a multiple of 2?
True
Suppose -3*c + 6*c - 305 = -2*d, c - 5*d - 79 = 0. Does 14 divide c?
False
Suppose 3*l + 9 = 0, -26 = 5*y + l + l. Is 3 a factor of 5*-1*4/y?
False
Let d(o) = o**3 - 6*o**2 - 7*o + 2. Let j be d(7). Suppose j*y = 5*t + 125, -t + 52 = 2*y - y. Is y*(-2 - (-12)/5) a multiple of 11?
True
Let p(w) = -3*w + 10. Let i be p(-6). Suppose v - 4*v = -6. Is 0/(-1) + i + v a multiple of 15?
True
Suppose -3*b - 41 - 34 = -5*x, -x + 15 = b. Is 4 a factor of x?
False
Let t(j) = -j**2 - 4*j + 5. Let m be t(-6). Let s be (-2)/m + (-36)/(-21). Suppose 3*c = -12, -s*c = -2*g + c + 30. Is 6 a factor of g?
False
Let b = -7 + 9. Suppose -2*v + 4*v - b*g = 22, 5*g = -2*v - 6. Does 3 divide v?
False
Let c(k) = 3*k + 18. Is 21 a factor of c(15)?
True
Suppose -5*z + x + 19 = -3*x, -4 = 4*x. Suppose -7*i + 45 = -2*i - 4*h, -15 = z*h. Let l(o) = o**3 - 5*o**2 + 4*o - 3. Is 17 a factor of l(i)?
True
Let m be (-2)/((-2)/101) - 3. Let n = m + -52. Is 20 a factor of n?
False
Let t(h) = 14*h**2 - 8*h. Is t(4) a multiple of 16?
True
Suppose 474 = 2*z + 4*k, z = -z - 2*k + 468. Does 18 divide z?
False
Let k = -11 + 15. Is 4 a factor of k?
True
Suppose 4*p = -k + 2 + 11, -k = -2*p - 1. Suppose -61 = -k*v + 14. Is v a multiple of 9?
False
Suppose -o - 3*a = -0*a - 90, -o - 5*a + 100 = 0. Does 24 divide o?
False
Let a(h) = -6*h**2 - 1. Let q be a(-1). Let p(u) = -u**3 - 6*u**2 + 5*u + 10. Is p(q) a multiple of 12?
True
Let h = -47 - -89. Is h a multiple of 3?
True
Suppose -g + 0*o = 3*o - 67, -3*o = 5*g - 335. Is 8 a factor of g?
False
Suppose 2 = 6*j - 34. Is 6 a factor of j?
True
Suppose h - 30 = 3*u, 4*h + 0*u = u + 65. Let d = h - 7. Is 3 a factor of d?
False
Let b(y) be the second derivative of -2*y - 1/3*y**3 + 2/3*y**4 - 3/2*y**2 + 0. Is 19 a factor of b(-2)?
False
Let m = 2 + 0. Let w = -20 + 22. Suppose -m*d - 12 = w*d, 0 = -5*l + 2*d + 96. Does 17 divide l?
False
Let d = -20 + 35. Let y = d + -10. Suppose 3*n = -y*z + 118, 3*n - 154 = -n - 5*z. Is n a multiple of 12?
True
Let q = -63 - -95. Suppose -4*m = -112 - q. Does 8 divide m?
False
Let m(s) = -17*s - 1. Let g(h) = -1. Let a(c) = 2*g(c) + m(c). Is a(-3) a multiple of 29?
False
Let k(v) = -v**2 - 11*v + 13. Is 31 a factor of k(-9)?
True
Let d(v) = 9*v - 3. Let t be d(2). Suppose 9 = k - t. Is 9 a factor of k?
False
Is 9 a factor of ((-27)/(-2))/(3/6)?
True
Suppose -2*b - 38 - 12 = 0. Let h = 35 + b. Does 3 divide h?
False
Let a(o) = -o**2 + 8*o - 5. Let c be a(7). Suppose 5*s - h - 210 = 0, -3*s + 0*s + c*h + 126 = 0. Does 11 divide s?
False
Let f(m) be the third derivative of 0 + 1/60*m**5 - 1/24*m**4 - 3*m**2 + 1/120*m**6 + 0*m + 5*m**3. Is 11 a factor of f(0)?
False
Is (340/35)/((-8)/(-28)) a multiple of 9?
False
Suppose m - 4 = -2. Suppose -m*y + 33 = y. Is y a multiple of 11?
True
Let o = 6 - 4. Suppose 0 = -2*w + o + 4. Is 8 a factor of ((-3)/2)/(w/(-18))?
False
Let v = -17 + 25. Is v a multiple of 4?
True
Does 12 divide (-351)/(-6) - 9/(-6)?
True
Suppose y + 9 = 3*u + 21, -y = 3*u + 6. Let i be (1 - y - -1)*-20. Is 7 a factor of (i/15)/((-2)/(-24))?
False
Let o be (-5)/(2/(-6)*-3). Suppose -4*h = -0*h - 40. Let f = h + o. Is 2 a factor of f?
False
Suppose -u = z - 61, -3*z - 77 = -2*u + 20. Suppose -4*p = -u - 12. Does 5 divide p?
False
Suppose -t + 2*t - 4*j = 3, -9 = -3*t - 3*j. Suppose -5*z = -t*k + 36, 19 + 19 = 5*k - z. Does 4 divide k?
False
Let r = -24 + 46. Is r a multiple of 14?
False
Suppose 2*n + 9 = 1. Let s = 3 - n. Is 2 a factor of s?
False
Let a(k) = -2*k + 11. Let i be (-5)/(1 - 4/6). Does 11 divide a(i)?
False
Let l(d) = -d + 1. Let g(u) = -u**2 + 5*u - 1. Let o be g(5). Let x be l(o). Suppose m + x*m - 57 = 0. Is m a multiple of 8?
False
Let l be 1/1*(-1)/1. Let v = 2 - l. Is 2 a factor of v?
False
Suppose -3*s + 24 = s. Suppose -s*i + 25 = -i. Suppose 0*l + 2*l + 4*d = 28, 4*l - 41 = -i*d. Is 3 a factor of l?
False
Suppose -200 = -y - 4*y. Let j = y - -5. Does 20 divide j?
False
Let l(o) = -3*o + 6. Does 6 divide l(-7)?
False
Let w be 1 + 0 + (0 - 4). Is 2/w - (-212)/12 a multiple of 7?
False
Let q be 126/30 + (-1)/5. Let f = 5 + q. Suppose -4*g + f*g = 120. Is 7 a factor of g?
False
Let c(m) = 1 + 0 - 31*m - 2. Is 10 a factor of c(-1)?
True
Let p(g) = -5 + 6 - 14*g - 3. Is 13 a factor of p(-2)?
True
Suppose 5*r - r = l + 403, -3*l = -3. Is 28 a factor of r?
False
Let y(b) = -b**3 + 7*b**2 - 6*b + 7. Let z be 0 - 3 - 0 - -3. Suppose -m + 6 - 1 = z. Is 27 a factor of y(m)?
True
Let f(g) be the third derivative of -7*g**4/8 - g**3/6 - 3*g**2. Let b be f(-2). Does 18 divide 2 + -2 + b + -1?
False
Suppose 371 = 10*l - 289. Is l a multiple of 11?
True
Suppose 4*h = 5*d + 723, -3*h + 134 + 417 = -2*d. Suppose 4*z - h = -0*z - p, p = 3*z - 149. Is z a multiple of 24?
True
Let d(g) = -21*g - 13. Is 5 a factor of d(-3)?
True
Suppose 98 = 4*b - 5*q, -3*b = -4*q + 6*q - 85. Does 7 divide b?
False
Let r(a) = 71*a + 1. Let w be r(-1). Let v = -37 - w. Is v a multiple of 11?
True
Let k = -108 + 148. Does 35 divide k?
False
Let q = -65 - -35. Is -1*50*36/q a multiple of 20?
True
Let d(i) = 5 + 3*i**3 - 4*i**2 - 3 - 6*i**3 - 5*i + 4*i**3. Is d(6) a multiple of 11?
True
Suppose 0 = t + 2 - 10. Suppose -3*r = -t*r + 430. Suppose -3*x + r = -n + 3*n, 0 = -4*x + 5*n + 130. Does 12 divide x?
False
Suppose 2*s - 100 = 3*i, 4*i - 3*i - 233 = -5*s. Is s a multiple of 10?
False
Let b(g) = 4*g**2 + 2*g. Let t be b(-2). Let d be 1/3 - (-44)/t. Is 10 a factor of 198/7 + d/(-14)?
False
Suppose 3*g = 2*z + 530, 0*g - 3*z = 5*g - 915. Is 30 a factor of g?
True
Let o(i) = -30*i + 2. Let f be o(-4). Suppose f = 4*s - 126. Is 31 a factor of s?
True
Does 12 divide (-16)/(-10)*(6 - -24)?
True
Suppose -4*x + 3*g + 267 = 0, 0*x + x + 2*g - 64 = 0. Is x a multiple of 11?
True
Let k(b) = 308*b - 13. Let i(w) = 154*w - 6. Let q(r) = -13*i(r) + 6*k(r). Let d(p) = -14*p. Let h(l) = 68*d(l) - 6*q(l). Does 14 divide h(-1)?
True
Suppose 0 = o - 3*b + 8, 0 = -2*b - 2 + 12. Does 3 divide o?
False
Suppose 3 = a - 2. Suppose a*s - 70 = -5*b, b - 3*b + 